{"id":1300,"date":"2020-04-20T18:26:34","date_gmt":"2020-04-20T16:26:34","guid":{"rendered":"https:\/\/gaf.kleve.de\/schulprogramm\/?page_id=1300"},"modified":"2025-05-28T13:38:14","modified_gmt":"2025-05-28T11:38:14","slug":"ganztag","status":"publish","type":"page","link":"https:\/\/gaf.kleve.de\/schulprogramm\/ganztag\/","title":{"rendered":"Ganztag"},"content":{"rendered":"<p>[et_pb_section fb_built=&#8220;1&#8243; _builder_version=&#8220;4.16&#8243; background_enable_color=&#8220;off&#8220; background_enable_image=&#8220;off&#8220; parallax=&#8220;on&#8220; custom_padding=&#8220;||2px|||&#8220; bottom_divider_color=&#8220;#7cb78b&#8220; global_colors_info=&#8220;{}&#8220;][et_pb_row _builder_version=&#8220;4.16&#8243; global_colors_info=&#8220;{}&#8220;][et_pb_column type=&#8220;4_4&#8243; _builder_version=&#8220;4.16&#8243; global_colors_info=&#8220;{}&#8220;][et_pb_text _builder_version=&#8220;4.16&#8243; header_font=&#8220;Montserrat||||||||&#8220; header_text_align=&#8220;center&#8220; header_text_color=&#8220;#a9c7d7&#8243; header_font_size=&#8220;77px&#8220; header_3_font=&#8220;Montserrat||||||||&#8220; header_3_text_color=&#8220;#a9c7d7&#8243; header_3_font_size=&#8220;77px&#8220; header_4_line_height=&#8220;1.6em&#8220; text_orientation=&#8220;center&#8220; background_layout=&#8220;dark&#8220; header_font_size_tablet=&#8220;&#8220; header_font_size_phone=&#8220;50px&#8220; header_font_size_last_edited=&#8220;on|phone&#8220; header_3_font_size_tablet=&#8220;&#8220; header_3_font_size_phone=&#8220;50px&#8220; header_3_font_size_last_edited=&#8220;on|phone&#8220; global_colors_info=&#8220;{}&#8220;]<\/p>\n<h1>Ganztag<\/h1>\n<p>[\/et_pb_text][\/et_pb_column][\/et_pb_row][et_pb_row column_structure=&#8220;1_5,3_5,1_5&#8243; make_equal=&#8220;on&#8220; custom_padding_last_edited=&#8220;off|desktop&#8220; _builder_version=&#8220;4.16&#8243; height_last_edited=&#8220;off|desktop&#8220; custom_margin_last_edited=&#8220;off|desktop&#8220; custom_padding_phone=&#8220;||0px||false|false&#8220; global_colors_info=&#8220;{}&#8220;][et_pb_column type=&#8220;1_5&#8243; _builder_version=&#8220;4.16&#8243; global_colors_info=&#8220;{}&#8220;][et_pb_image src=&#8220;https:\/\/gaf.kleve.de\/schulprogramm\/wp-content\/uploads\/2020\/03\/GaF-Schulprogramm-Ganztag.png&#8220; _builder_version=&#8220;4.16&#8243; border_radii=&#8220;on|42px|42px|42px|42px&#8220; border_color_all=&#8220;#ffffff&#8220; global_colors_info=&#8220;{}&#8220;][\/et_pb_image][\/et_pb_column][et_pb_column type=&#8220;3_5&#8243; _builder_version=&#8220;4.16&#8243; background_color=&#8220;#a9c7d7&#8243; custom_padding=&#8220;2vw|2vw|2vw|2vw|false|false&#8220; border_radii=&#8220;on|38px|38px|38px|38px&#8220; global_colors_info=&#8220;{}&#8220;][et_pb_text _builder_version=&#8220;4.16&#8243; text_text_color=&#8220;#ffffff&#8220; header_3_font=&#8220;Montserrat|700|||||||&#8220; header_3_text_color=&#8220;#ffffff&#8220; header_3_font_size=&#8220;31px&#8220; header_3_letter_spacing=&#8220;1px&#8220; header_4_font=&#8220;|600|||||||&#8220; header_4_text_color=&#8220;#ffffff&#8220; header_4_font_size=&#8220;17px&#8220; header_4_line_height=&#8220;1.6em&#8220; background_layout=&#8220;dark&#8220; height=&#8220;105px&#8220; height_tablet=&#8220;&#8220; height_phone=&#8220;&#8220; height_last_edited=&#8220;on|desktop&#8220; custom_margin=&#8220;-1px||||false|false&#8220; custom_margin_tablet=&#8220;&#8220; custom_margin_phone=&#8220;||||false|false&#8220; custom_margin_last_edited=&#8220;on|phone&#8220; custom_padding=&#8220;4px||||false|false&#8220; header_4_text_align_tablet=&#8220;&#8220; header_4_text_align_phone=&#8220;center&#8220; header_4_text_align_last_edited=&#8220;on|phone&#8220; global_colors_info=&#8220;{}&#8220;]<\/p>\n<h4>Wir gestalten Leben und Lernen im rhythmisierten Ganztag. F\u00fcr eine Schule im Ganztag sind ein gesundes Mittag&shy;essen, musische und kreative Angebote sowie Spiel-, Ruhe- und Bewegungs&shy;zeiten in gelebter Gemeinschaft wichtig.<\/h4>\n<p>[\/et_pb_text][\/et_pb_column][et_pb_column type=&#8220;1_5&#8243; _builder_version=&#8220;4.16&#8243; global_colors_info=&#8220;{}&#8220;][et_pb_image src=&#8220;https:\/\/gaf.kleve.de\/schulprogramm\/wp-content\/uploads\/2020\/03\/GaF-Schulprogramm-Uebersicht-1.png&#8220; url=&#8220;https:\/\/gaf.kleve.de\/schulprogramm\/#uebersicht&#8220; use_overlay=&#8220;on&#8220; overlay_icon_color=&#8220;#ffffff&#8220; hover_overlay_color=&#8220;rgba(169,199,215,0.8)&#8220; hover_icon=&#8220;&#x4a;||divi||400&#8243; show_bottom_space=&#8220;off&#8220; show_bottom_space_tablet=&#8220;&#8220; show_bottom_space_phone=&#8220;off&#8220; show_bottom_space_last_edited=&#8220;on|tablet&#8220; disabled_on=&#8220;on|on|off&#8220; _builder_version=&#8220;4.16&#8243; custom_margin_tablet=&#8220;&#8220; custom_margin_phone=&#8220;&#8220; custom_margin_last_edited=&#8220;on|phone&#8220; custom_padding_tablet=&#8220;&#8220; custom_padding_phone=&#8220;&#8220; custom_padding_last_edited=&#8220;on|desktop&#8220; border_radii=&#8220;on|16px|16px|16px|16px&#8220; global_colors_info=&#8220;{}&#8220;][\/et_pb_image][\/et_pb_column][\/et_pb_row][\/et_pb_section][et_pb_section fb_built=&#8220;1&#8243; prev_background_color=&#8220;#ffffff&#8220; next_background_color=&#8220;#ffffff&#8220; _builder_version=&#8220;4.16&#8243; background_color=&#8220;#a9c7d7&#8243; background_image=&#8220;https:\/\/gaf.kleve.de\/schulprogramm\/wp-content\/uploads\/2020\/04\/gaf-ganztag-header2.png&#8220; parallax=&#8220;on&#8220; custom_padding=&#8220;98px||103px|||&#8220; top_divider_style=&#8220;curve&#8220; top_divider_height_tablet=&#8220;&#8220; top_divider_height_phone=&#8220;30px&#8220; top_divider_height_last_edited=&#8220;on|phone&#8220; bottom_divider_style=&#8220;curve&#8220; bottom_divider_flip=&#8220;vertical&#8220; bottom_divider_height_tablet=&#8220;&#8220; bottom_divider_height_phone=&#8220;30px&#8220; bottom_divider_height_last_edited=&#8220;on|phone&#8220; global_colors_info=&#8220;{}&#8220;][et_pb_row column_structure=&#8220;1_3,1_3,1_3&#8243; custom_padding_last_edited=&#8220;on|phone&#8220; _builder_version=&#8220;4.16&#8243; height_tablet=&#8220;&#8220; height_phone=&#8220;&#8220; height_last_edited=&#8220;on|phone&#8220; custom_margin_tablet=&#8220;&#8220; custom_margin_phone=&#8220;&#8220; custom_margin_last_edited=&#8220;on|tablet&#8220; custom_padding=&#8220;52px||46px|||&#8220; custom_padding_tablet=&#8220;&#8220; custom_padding_phone=&#8220;0px||0px||false|false&#8220; global_colors_info=&#8220;{}&#8220;][et_pb_column type=&#8220;1_3&#8243; _builder_version=&#8220;4.16&#8243; global_colors_info=&#8220;{}&#8220;][et_pb_text _builder_version=&#8220;4.16&#8243; header_2_text_align=&#8220;center&#8220; header_2_text_color=&#8220;#7cb78b&#8220; header_2_line_height=&#8220;1.6em&#8220; header_3_font=&#8220;|700|||||||&#8220; header_3_text_align=&#8220;center&#8220; header_3_text_color=&#8220;#a9c7d7&#8243; background_color=&#8220;#ffffff&#8220; module_alignment=&#8220;center&#8220; height=&#8220;60px&#8220; custom_margin_tablet=&#8220;&#8220; custom_margin_phone=&#8220;&#8220; custom_margin_last_edited=&#8220;on|phone&#8220; custom_padding=&#8220;20px||||false|false&#8220; custom_padding_tablet=&#8220;9px||||false|false&#8220; custom_padding_phone=&#8220;20px||||false|false&#8220; custom_padding_last_edited=&#8220;on|tablet&#8220; link_option_url=&#8220;#ganztag&#8220; border_radii=&#8220;on|10px|10px|10px|10px&#8220; border_color_all=&#8220;#7cb78b&#8220; box_shadow_style=&#8220;preset1&#8243; box_shadow_color=&#8220;rgba(0,0,0,0.7)&#8220; global_colors_info=&#8220;{}&#8220;]<\/p>\n<h3>Ganztag<\/h3>\n<p>[\/et_pb_text][et_pb_text _builder_version=&#8220;4.16&#8243; header_2_text_align=&#8220;center&#8220; header_2_text_color=&#8220;#7cb78b&#8220; header_2_line_height=&#8220;1.6em&#8220; header_3_font=&#8220;|700|||||||&#8220; header_3_text_align=&#8220;center&#8220; header_3_text_color=&#8220;#a9c7d7&#8243; background_color=&#8220;#ffffff&#8220; module_alignment=&#8220;center&#8220; height=&#8220;60px&#8220; custom_padding=&#8220;20px||||false|false&#8220; link_option_url=&#8220;#mensa&#8220; border_radii=&#8220;on|10px|10px|10px|10px&#8220; box_shadow_style=&#8220;preset1&#8243; box_shadow_color=&#8220;rgba(0,0,0,0.7)&#8220; global_colors_info=&#8220;{}&#8220;]<\/p>\n<h3>Mensa<\/h3>\n<p>[\/et_pb_text][\/et_pb_column][et_pb_column type=&#8220;1_3&#8243; _builder_version=&#8220;4.16&#8243; global_colors_info=&#8220;{}&#8220;][et_pb_text _builder_version=&#8220;4.16&#8243; header_2_text_align=&#8220;center&#8220; header_2_text_color=&#8220;#7cb78b&#8220; header_2_line_height=&#8220;1.6em&#8220; header_3_font=&#8220;|700|||||||&#8220; header_3_text_align=&#8220;center&#8220; header_3_text_color=&#8220;#a9c7d7&#8243; background_color=&#8220;#ffffff&#8220; module_alignment=&#8220;center&#8220; height=&#8220;60px&#8220; custom_padding=&#8220;20px||||false|false&#8220; link_option_url=&#8220;#ganztagsverein&#8220; border_radii=&#8220;on|10px|10px|10px|10px&#8220; box_shadow_style=&#8220;preset1&#8243; box_shadow_color=&#8220;rgba(0,0,0,0.7)&#8220; global_colors_info=&#8220;{}&#8220;]<\/p>\n<h3>Ganztagsverein<\/h3>\n<p>[\/et_pb_text][et_pb_text _builder_version=&#8220;4.16&#8243; header_2_text_align=&#8220;center&#8220; header_2_text_color=&#8220;#7cb78b&#8220; header_2_line_height=&#8220;1.6em&#8220; header_3_font=&#8220;|700|||||||&#8220; header_3_text_align=&#8220;center&#8220; header_3_text_color=&#8220;#a9c7d7&#8243; background_color=&#8220;#ffffff&#8220; module_alignment=&#8220;center&#8220; height=&#8220;60px&#8220; custom_padding=&#8220;20px||||false|false&#8220; link_option_url=&#8220;#pause&#8220; border_radii=&#8220;on|10px|10px|10px|10px&#8220; box_shadow_style=&#8220;preset1&#8243; box_shadow_color=&#8220;rgba(0,0,0,0.7)&#8220; global_colors_info=&#8220;{}&#8220;]<\/p>\n<h3>Pause<\/h3>\n<p>[\/et_pb_text][\/et_pb_column][et_pb_column type=&#8220;1_3&#8243; _builder_version=&#8220;4.16&#8243; global_colors_info=&#8220;{}&#8220;][et_pb_text _builder_version=&#8220;4.16&#8243; header_2_text_align=&#8220;center&#8220; header_2_text_color=&#8220;#7cb78b&#8220; header_2_line_height=&#8220;1.6em&#8220; header_3_font=&#8220;|700|||||||&#8220; header_3_text_align=&#8220;center&#8220; header_3_text_color=&#8220;#a9c7d7&#8243; background_color=&#8220;#ffffff&#8220; module_alignment=&#8220;center&#8220; height=&#8220;60px&#8220; custom_padding=&#8220;20px||||false|false&#8220; link_option_url=&#8220;#paedagogische-angebote&#8220; border_radii=&#8220;on|10px|10px|10px|10px&#8220; box_shadow_style=&#8220;preset1&#8243; box_shadow_color=&#8220;rgba(0,0,0,0.7)&#8220; global_colors_info=&#8220;{}&#8220;]<\/p>\n<h3>P\u00e4dagogische Angebote<\/h3>\n<p>[\/et_pb_text][\/et_pb_column][\/et_pb_row][\/et_pb_section][et_pb_section fb_built=&#8220;1&#8243; module_id=&#8220;ganztag&#8220; _builder_version=&#8220;4.16&#8243; custom_padding=&#8220;8px|||||&#8220; global_colors_info=&#8220;{}&#8220;][et_pb_row _builder_version=&#8220;4.16&#8243; custom_padding=&#8220;||9px|||&#8220; global_colors_info=&#8220;{}&#8220;][et_pb_column type=&#8220;4_4&#8243; _builder_version=&#8220;4.16&#8243; global_colors_info=&#8220;{}&#8220;][et_pb_text _builder_version=&#8220;4.16&#8243; header_2_font=&#8220;|700|||||||&#8220; header_2_text_color=&#8220;#a9c7d7&#8243; header_3_font=&#8220;|600|||||||&#8220; header_3_text_color=&#8220;#add2b5&#8243; global_colors_info=&#8220;{}&#8220;]<\/p>\n<h2>Ganztag<\/h2>\n<p>[\/et_pb_text][\/et_pb_column][\/et_pb_row][et_pb_row column_structure=&#8220;1_2,1_2&#8243; _builder_version=&#8220;4.16&#8243; custom_padding=&#8220;5px|||||&#8220; global_colors_info=&#8220;{}&#8220;][et_pb_column type=&#8220;1_2&#8243; _builder_version=&#8220;4.16&#8243; global_colors_info=&#8220;{}&#8220;][et_pb_text _builder_version=&#8220;4.16&#8243; header_2_font=&#8220;|700|||||||&#8220; header_2_text_color=&#8220;#7cb78b&#8220; header_3_font=&#8220;|600|||||||&#8220; header_3_text_color=&#8220;#7cb78b&#8220; global_colors_info=&#8220;{}&#8220;]<\/p>\n<p>Eltern tragen verschiedene Anliegen an uns heran. F\u00fcr einige Familien ist der Alltag so organisiert, dass ein ausgedehntes Ganztagsangebot gew\u00fcnscht ist. Andere Familien w\u00fcnschen sich ein fr\u00fcheres Ende des Schultages, um mehr Zeit f\u00fcr Familie und Hobbys zu haben. Um allen Bed\u00fcrfnissen gerecht zu werden, haben wir unsere Ganztagsangebote flexibilisiert. Im Ganztag lernen die Sch\u00fcler*innen verpflichtend an drei Tagen in der Woche bis 15.00 Uhr bzw. einmal bis 15:30 Uhr.<\/p>\n<p>Ab dem Schuljahr 2020\/2021 f\u00fchren wir f\u00fcr jeden Jahrgang einen verpflichtenden Nachmittag mit P\u00e4dagogischen Angeboten ein. Auch hier kann dann aus unserer Palette an <strong>P\u00e4dagogischen Angeboten<\/strong> eines gew\u00e4hlt werden. An diesem Tag endet die Schule f\u00fcr diesen Jahrgang um 15:30 Uhr. So entzerren wir auch den Bustransfer zum Klever Bahnhof.<\/p>\n<p>Lange Tage sind Montag, Mittwoch und Donnerstag. Dienstags und Freitags endet der verpflichtende Unterricht um 13.10 Uhr. Daher gibt es in der Regel auch keine klassischen Hausaufgaben (Ausgenommen sind Vokabeltraining, Nacharbeit und Vorbereitung einer Leistungs\u00fcberpr\u00fcfung). Stattdessen sind \u00dcbungsphasen in Bausteinphasen und in den Lernzeiten an unserer Schule selbstverst\u00e4ndlicher Bestandteil des rhythmisierten Unterrichts im Ganztag.<\/p>\n<p>[\/et_pb_text][\/et_pb_column][et_pb_column type=&#8220;1_2&#8243; _builder_version=&#8220;4.16&#8243; global_colors_info=&#8220;{}&#8220;][et_pb_image src=&#8220;https:\/\/gaf.kleve.de\/schulprogramm\/wp-content\/uploads\/2020\/04\/gaf-ganztag-schulgarten.jpg&#8220; _builder_version=&#8220;4.16&#8243; animation_style=&#8220;zoom&#8220; border_radii=&#8220;on|20px|20px|20px|20px&#8220; global_colors_info=&#8220;{}&#8220;][\/et_pb_image][\/et_pb_column][\/et_pb_row][\/et_pb_section][et_pb_section fb_built=&#8220;1&#8243; module_id=&#8220;ganztagsverein&#8220; _builder_version=&#8220;4.16&#8243; background_color=&#8220;rgba(0,0,0,0.05)&#8220; global_colors_info=&#8220;{}&#8220;][et_pb_row _builder_version=&#8220;4.16&#8243; custom_padding=&#8220;||9px|||&#8220; global_colors_info=&#8220;{}&#8220;][et_pb_column type=&#8220;4_4&#8243; _builder_version=&#8220;4.16&#8243; global_colors_info=&#8220;{}&#8220;][et_pb_text _builder_version=&#8220;4.16&#8243; header_2_font=&#8220;|700|||||||&#8220; header_2_text_color=&#8220;#a9c7d7&#8243; header_3_font=&#8220;|600|||||||&#8220; header_3_text_color=&#8220;#7cb78b&#8220; global_colors_info=&#8220;{}&#8220;]<\/p>\n<h2>Ganztags&shy;verein<\/h2>\n<p>[\/et_pb_text][\/et_pb_column][\/et_pb_row][et_pb_row column_structure=&#8220;2_5,3_5&#8243; _builder_version=&#8220;4.16&#8243; custom_padding=&#8220;5px|||||&#8220; global_colors_info=&#8220;{}&#8220;][et_pb_column type=&#8220;2_5&#8243; _builder_version=&#8220;4.16&#8243; global_colors_info=&#8220;{}&#8220;][et_pb_image src=&#8220;https:\/\/gaf.kleve.de\/schulprogramm\/wp-content\/uploads\/2020\/05\/620618_web_R_B_by_Nico-Meier_pixelio.de_.jpg&#8220; _builder_version=&#8220;4.16&#8243; animation_style=&#8220;zoom&#8220; border_radii=&#8220;on|20px|20px|20px|20px&#8220; global_colors_info=&#8220;{}&#8220;][\/et_pb_image][\/et_pb_column][et_pb_column type=&#8220;3_5&#8243; _builder_version=&#8220;4.16&#8243; global_colors_info=&#8220;{}&#8220;][et_pb_text _builder_version=&#8220;4.16&#8243; header_2_font=&#8220;|700|||||||&#8220; header_2_text_color=&#8220;#7cb78b&#8220; header_3_font=&#8220;|600|||||||&#8220; header_3_text_color=&#8220;#7cb78b&#8220; global_colors_info=&#8220;{}&#8220;]<\/p>\n<p>Unser Ganztagsverein, nicht zu verwechseln mit unserem F\u00f6rderverein, verwaltet die Gelder, die sich z. B. aus kapitalisierten Lehrerstellen speisen. So sind wir in der Lage, Dozenten f\u00fcr p\u00e4dagogische Angebote anzustellen, oder MitarbeiterInnen, die uns im Ganztag p\u00e4dagogisch unterst\u00fctzen. Der Vorstand des Vereins wird laut Satzung aus Mitgliedern der Schulleitung, des Kollegiums, der Elternschaft und der Stadt Kleve gebildet.<\/p>\n<p>Perspektivisch ist noch eine weiterreichende Nutzung des Vereins denkbar, sei es im Bereich einer Frischkochmensa oder als Tr\u00e4ger f\u00fcr Integrationshilfen.<\/p>\n<p>[\/et_pb_text][\/et_pb_column][\/et_pb_row][\/et_pb_section][et_pb_section fb_built=&#8220;1&#8243; module_id=&#8220;paedagogische-angebote&#8220; _builder_version=&#8220;4.16&#8243; global_colors_info=&#8220;{}&#8220;][et_pb_row _builder_version=&#8220;4.16&#8243; global_colors_info=&#8220;{}&#8220;][et_pb_column type=&#8220;4_4&#8243; _builder_version=&#8220;4.16&#8243; global_colors_info=&#8220;{}&#8220;][et_pb_text _builder_version=&#8220;4.16&#8243; header_2_font=&#8220;|700|||||||&#8220; header_2_text_color=&#8220;#a9c7d7&#8243; header_3_font=&#8220;|600|||||||&#8220; header_3_text_color=&#8220;#7cb78b&#8220; global_colors_info=&#8220;{}&#8220;]<\/p>\n<h2>P\u00e4dago&shy;gische Ange&shy;bote<\/h2>\n<p>[\/et_pb_text][\/et_pb_column][\/et_pb_row][et_pb_row column_structure=&#8220;3_4,1_4&#8243; _builder_version=&#8220;4.16&#8243; custom_padding=&#8220;6px|||||&#8220; global_colors_info=&#8220;{}&#8220;][et_pb_column type=&#8220;3_4&#8243; _builder_version=&#8220;4.16&#8243; global_colors_info=&#8220;{}&#8220;][et_pb_text _builder_version=&#8220;4.16&#8243; global_colors_info=&#8220;{}&#8220;]<\/p>\n<p>Mit den 90-min\u00fctigen \u201e\u00b4P\u00e4dagogischen Angeboten besteht die M\u00f6glichkeit der \u00d6ffnung von Schule hin zum Gemeinwesen. Wir haben zahlreiche au\u00dferschulische Referent*innen, die ihre F\u00e4higkeiten und Talente an unsere Sch\u00fcler*innen weitervermitteln.<\/p>\n<p>Es gibt zum Beispiel eine Kooperation mit der Kreismusikschule, dem Museum Kurhaus oder dem Segelverein. F\u00fcr naturwissenschaftlich Interessierte \u00f6ffnen wir den preisgekr\u00f6nten Schulgarten, forschen mit der Hochschule Rhein Waal, oder hegen unsere Bienenv\u00f6lker auf dem Gel\u00e4nde des Angelsportvereins.<\/p>\n<p>Ab dem Jahrgang 8 richten wir unsere P\u00e4dagogischen Angebote st\u00e4rker an Berufsorientierung und sozialem Lernen aus. Die Lernenden k\u00f6nnen sich etwa zum Ersthelfer oder Streitschlichter ausbilden lassen, Tanzen lernen oder Tastschreibkurse belegen.<\/p>\n<p>Alle beschriebenen und weitestgehend kostenlosen Angebote realisieren wir in Tr\u00e4gerschaft unseres eigenen <strong>Ganztagsvereines<\/strong> und haben somit die Qualit\u00e4t der Angebote und der Referenten stets in eigener Hand.<\/p>\n<p>[\/et_pb_text][\/et_pb_column][et_pb_column type=&#8220;1_4&#8243; _builder_version=&#8220;4.16&#8243; global_colors_info=&#8220;{}&#8220;][et_pb_image src=&#8220;https:\/\/gaf.kleve.de\/schulprogramm\/wp-content\/uploads\/2020\/04\/gaf-ganztag-ersthelfer.jpg&#8220; _builder_version=&#8220;4.16&#8243; animation_style=&#8220;zoom&#8220; border_radii=&#8220;on|20px|20px|20px|20px&#8220; global_colors_info=&#8220;{}&#8220;][\/et_pb_image][\/et_pb_column][\/et_pb_row][et_pb_row column_structure=&#8220;1_2,1_2&#8243; _builder_version=&#8220;4.16&#8243; custom_padding=&#8220;6px|||||&#8220; global_colors_info=&#8220;{}&#8220;][et_pb_column type=&#8220;1_2&#8243; _builder_version=&#8220;4.16&#8243; global_colors_info=&#8220;{}&#8220;][et_pb_image src=&#8220;https:\/\/gaf.kleve.de\/schulprogramm\/wp-content\/uploads\/2020\/04\/gaf-projekte-schulgarten.jpg&#8220; _builder_version=&#8220;4.16&#8243; animation_style=&#8220;zoom&#8220; border_radii=&#8220;on|20px|20px|20px|20px&#8220; global_colors_info=&#8220;{}&#8220;][\/et_pb_image][\/et_pb_column][et_pb_column type=&#8220;1_2&#8243; _builder_version=&#8220;4.16&#8243; global_colors_info=&#8220;{}&#8220;][et_pb_image src=&#8220;https:\/\/gaf.kleve.de\/schulprogramm\/wp-content\/uploads\/2020\/04\/gaf-projekte-imkerei.jpg&#8220; _builder_version=&#8220;4.16&#8243; animation_style=&#8220;zoom&#8220; border_radii=&#8220;on|20px|20px|20px|20px&#8220; global_colors_info=&#8220;{}&#8220;][\/et_pb_image][\/et_pb_column][\/et_pb_row][\/et_pb_section][et_pb_section fb_built=&#8220;1&#8243; module_id=&#8220;mensa&#8220; _builder_version=&#8220;4.16&#8243; background_color=&#8220;rgba(0,0,0,0.05)&#8220; global_colors_info=&#8220;{}&#8220;][et_pb_row _builder_version=&#8220;4.16&#8243; custom_padding=&#8220;||3px|||&#8220; global_colors_info=&#8220;{}&#8220;][et_pb_column type=&#8220;4_4&#8243; _builder_version=&#8220;4.16&#8243; global_colors_info=&#8220;{}&#8220;][et_pb_text _builder_version=&#8220;4.16&#8243; header_2_font=&#8220;|700|||||||&#8220; header_2_text_color=&#8220;#a9c7d7&#8243; header_3_font=&#8220;|600|||||||&#8220; header_3_text_color=&#8220;#7cb78b&#8220; global_colors_info=&#8220;{}&#8220;]<\/p>\n<h2>Mensa<\/h2>\n<p>[\/et_pb_text][\/et_pb_column][\/et_pb_row][et_pb_row column_structure=&#8220;2_5,3_5&#8243; _builder_version=&#8220;4.16&#8243; custom_margin=&#8220;-2px|auto||auto||&#8220; global_colors_info=&#8220;{}&#8220;][et_pb_column type=&#8220;2_5&#8243; _builder_version=&#8220;4.16&#8243; global_colors_info=&#8220;{}&#8220;][et_pb_image src=&#8220;https:\/\/gaf.kleve.de\/schulprogramm\/wp-content\/uploads\/2020\/04\/gaf_Ganztag_Mensa-1-scaled.jpg&#8220; _builder_version=&#8220;4.16&#8243; animation_style=&#8220;zoom&#8220; border_radii=&#8220;on|20px|20px|20px|20px&#8220; global_colors_info=&#8220;{}&#8220;][\/et_pb_image][\/et_pb_column][et_pb_column type=&#8220;3_5&#8243; _builder_version=&#8220;4.16&#8243; global_colors_info=&#8220;{}&#8220;][et_pb_text _builder_version=&#8220;4.16&#8243; global_colors_info=&#8220;{}&#8220;]<\/p>\n<p>Unsere Mensa wird bis zum Neubau noch von einem Caterer beliefert. Die Bestellung erfolgt digital, Sch\u00fcler*innen erhalten ihre Mahlzeit dann \u00fcber einen Chip, der gescannt wird. Die Jahrg\u00e4nge 5 und 6 gehen gemeinsam mit der Klasse und einer Lehrkraft essen. Gemeinschaft steht hier im Mittelpunkt. Dabei muss ein Essen verzehrt werden, gleich ob dieses bestellt oder selbst mitgebracht wurde. F\u00fcr die h\u00f6heren Jahrg\u00e4nge steht erg\u00e4nzend eine Cafeteria zur Verf\u00fcgung. In der Mensa gibt es ein Angebot an Trinkwasser.<\/p>\n<p>[\/et_pb_text][\/et_pb_column][\/et_pb_row][\/et_pb_section][et_pb_section fb_built=&#8220;1&#8243; module_id=&#8220;pause&#8220; _builder_version=&#8220;4.16&#8243; global_colors_info=&#8220;{}&#8220;][et_pb_row _builder_version=&#8220;4.16&#8243; global_colors_info=&#8220;{}&#8220;][et_pb_column type=&#8220;4_4&#8243; _builder_version=&#8220;4.16&#8243; global_colors_info=&#8220;{}&#8220;][et_pb_text _builder_version=&#8220;4.16&#8243; header_2_font=&#8220;|700|||||||&#8220; header_2_text_color=&#8220;#a9c7d7&#8243; header_3_font=&#8220;|600|||||||&#8220; header_3_text_color=&#8220;#7cb78b&#8220; global_colors_info=&#8220;{}&#8220;]<\/p>\n<h2>Pause<\/h2>\n<p>[\/et_pb_text][\/et_pb_column][\/et_pb_row][et_pb_row column_structure=&#8220;1_2,1_2&#8243; _builder_version=&#8220;4.16&#8243; custom_padding=&#8220;6px|||||&#8220; global_colors_info=&#8220;{}&#8220;][et_pb_column type=&#8220;1_2&#8243; _builder_version=&#8220;4.16&#8243; global_colors_info=&#8220;{}&#8220;][et_pb_text _builder_version=&#8220;4.16&#8243; global_colors_info=&#8220;{}&#8220;]Ein rhythmisierter Ganztag verlangt auch Bewegungs- und Spielpausen. Dazu stehen den Sch\u00fcler*innen verschiedene R\u00e4ume und Areale zur Verf\u00fcgung, die sie nach ihren Bed\u00fcrfnissen ausw\u00e4hlen k\u00f6nnen. Es kann in Ruhe gelesen, gemalt oder gespielt werden, gleichzeitig gibt es aber auch Sport- und Spielfl\u00e4chen. Wir versuchen zur Gestaltung der Pausen auch \u00e4ltere Sch\u00fcler*innen zu aktivieren. Sie machen Angebote, \u00fcbernehmen Streitschlichtung oder die Toilettensecurity.[\/et_pb_text][\/et_pb_column][et_pb_column type=&#8220;1_2&#8243; _builder_version=&#8220;4.16&#8243; global_colors_info=&#8220;{}&#8220;][et_pb_image src=&#8220;https:\/\/gaf.kleve.de\/schulprogramm\/wp-content\/uploads\/2020\/04\/gaf-ganztag-pausen.jpg&#8220; _builder_version=&#8220;4.16&#8243; animation_style=&#8220;zoom&#8220; border_radii=&#8220;on|20px|20px|20px|20px&#8220; global_colors_info=&#8220;{}&#8220;][\/et_pb_image][\/et_pb_column][\/et_pb_row][\/et_pb_section][et_pb_section fb_built=&#8220;1&#8243; _builder_version=&#8220;4.16&#8243; background_image=&#8220;https:\/\/gaf.kleve.de\/schulprogramm\/wp-content\/uploads\/2020\/04\/gaf-vielfalt1.jpg&#8220; parallax=&#8220;on&#8220; parallax_method=&#8220;off&#8220; height=&#8220;387px&#8220; global_colors_info=&#8220;{}&#8220;][\/et_pb_section]<\/p>\n","protected":false},"excerpt":{"rendered":"<p>GanztagWir gestalten Leben und Lernen im rhythmisierten Ganztag. F\u00fcr eine Schule im Ganztag sind ein gesundes Mittag&shy;essen, musische und kreative Angebote sowie Spiel-, Ruhe- und Bewegungs&shy;zeiten in gelebter Gemeinschaft wichtig.GanztagMensaGanztagsvereinPauseP\u00e4dagogische AngeboteGanztagEltern tragen verschiedene Anliegen an uns heran. F\u00fcr einige Familien ist der Alltag so organisiert, dass ein ausgedehntes Ganztagsangebot gew\u00fcnscht ist. Andere Familien w\u00fcnschen sich [&hellip;]<\/p>\n","protected":false},"author":1,"featured_media":0,"parent":0,"menu_order":5,"comment_status":"closed","ping_status":"closed","template":"","meta":{"_et_pb_use_builder":"on","_et_pb_old_content":"","_et_gb_content_width":""},"_links":{"self":[{"href":"https:\/\/gaf.kleve.de\/schulprogramm\/wp-json\/wp\/v2\/pages\/1300"}],"collection":[{"href":"https:\/\/gaf.kleve.de\/schulprogramm\/wp-json\/wp\/v2\/pages"}],"about":[{"href":"https:\/\/gaf.kleve.de\/schulprogramm\/wp-json\/wp\/v2\/types\/page"}],"author":[{"embeddable":true,"href":"https:\/\/gaf.kleve.de\/schulprogramm\/wp-json\/wp\/v2\/users\/1"}],"replies":[{"embeddable":true,"href":"https:\/\/gaf.kleve.de\/schulprogramm\/wp-json\/wp\/v2\/comments?post=1300"}],"version-history":[{"count":13,"href":"https:\/\/gaf.kleve.de\/schulprogramm\/wp-json\/wp\/v2\/pages\/1300\/revisions"}],"predecessor-version":[{"id":1769,"href":"https:\/\/gaf.kleve.de\/schulprogramm\/wp-json\/wp\/v2\/pages\/1300\/revisions\/1769"}],"wp:attachment":[{"href":"https:\/\/gaf.kleve.de\/schulprogramm\/wp-json\/wp\/v2\/media?parent=1300"}],"curies":[{"name":"wp","href":"https:\/\/api.w.org\/{rel}","templated":true}]}}